{"id":257,"date":"2018-11-27T19:56:32","date_gmt":"2018-11-27T18:56:32","guid":{"rendered":"http:\/\/www.projetconduite.fr\/?page_id=257"},"modified":"2023-11-01T18:00:36","modified_gmt":"2023-11-01T17:00:36","slug":"mes-formations","status":"publish","type":"page","link":"http:\/\/www.projetconduite.fr\/index.php\/mes-formations\/","title":{"rendered":"Mes formations"},"content":{"rendered":"<p>Votre auto-\u00e9cole vous propose:<\/p>\n<ul>\n<li>La formation du permis B et BEA (manuelle et automatique)<\/li>\n<li>La formation de la conduite accompagn\u00e9e<\/li>\n<li>La formation de la conduite supervis\u00e9e<\/li>\n<li>La formation \u00e0 l&rsquo;\u00e9coconduite<\/li>\n<li>Le post permis<\/li>\n<li>Passerelle permis B boite auto vers boite manuelle (BEA vers B)<\/li>\n<\/ul>\n","protected":false},"excerpt":{"rendered":"<p>Votre auto-&eacute;cole vous propose: La formation du permis B et BEA (manuelle et automatique) La formation de la conduite accompagn&eacute;e La formation de la conduite supervis&eacute;e La formation &agrave; l&rsquo;&eacute;coconduite Le post permis Passerelle permis B boite auto vers boite manuelle (BEA vers B)<\/p>\n","protected":false},"author":1,"featured_media":0,"parent":0,"menu_order":0,"comment_status":"closed","ping_status":"closed","template":"","meta":{"footnotes":""},"yoast_head":"<!-- This site is optimized with the Yoast SEO plugin v22.6 - https:\/\/yoast.com\/wordpress\/plugins\/seo\/ -->\n<title>Mes formations - Projet Conduite<\/title>\n<meta name=\"description\" content=\"Bienvenue sur notre site Un rythme de formation personnalis\u00e9 Votre auto-\u00e9cole \u00e0 Dreux Votre auto-\u00e9cole Projet-Conduite\" \/>\n<meta name=\"robots\" content=\"index, follow, max-snippet:-1, max-image-preview:large, max-video-preview:-1\" \/>\n<link rel=\"canonical\" href=\"http:\/\/www.projetconduite.fr\/index.php\/mes-formations\/\" \/>\n<meta property=\"og:locale\" content=\"fr_FR\" \/>\n<meta property=\"og:type\" content=\"article\" \/>\n<meta property=\"og:title\" content=\"Mes formations - Projet Conduite\" \/>\n<meta property=\"og:description\" content=\"Bienvenue sur notre site Un rythme de formation personnalis\u00e9 Votre auto-\u00e9cole \u00e0 Dreux Votre auto-\u00e9cole Projet-Conduite\" \/>\n<meta property=\"og:url\" content=\"http:\/\/www.projetconduite.fr\/index.php\/mes-formations\/\" \/>\n<meta property=\"og:site_name\" content=\"Projet Conduite\" \/>\n<meta property=\"article:publisher\" content=\"https:\/\/fr-fr.facebook.com\/prjetconduite\/\" \/>\n<meta property=\"article:modified_time\" content=\"2023-11-01T17:00:36+00:00\" \/>\n<meta name=\"twitter:card\" content=\"summary_large_image\" \/>\n<meta name=\"twitter:label1\" content=\"Dur\u00e9e de lecture estim\u00e9e\" \/>\n\t<meta name=\"twitter:data1\" content=\"1 minute\" \/>\n<script type=\"application\/ld+json\" class=\"yoast-schema-graph\">{\"@context\":\"https:\/\/schema.org\",\"@graph\":[{\"@type\":\"WebPage\",\"@id\":\"http:\/\/www.projetconduite.fr\/index.php\/mes-formations\/\",\"url\":\"http:\/\/www.projetconduite.fr\/index.php\/mes-formations\/\",\"name\":\"Mes formations - Projet Conduite\",\"isPartOf\":{\"@id\":\"https:\/\/www.projetconduite.fr\/#website\"},\"datePublished\":\"2018-11-27T18:56:32+00:00\",\"dateModified\":\"2023-11-01T17:00:36+00:00\",\"description\":\"Bienvenue sur notre site Un rythme de formation personnalis\u00e9 Votre auto-\u00e9cole \u00e0 Dreux Votre auto-\u00e9cole Projet-Conduite\",\"breadcrumb\":{\"@id\":\"http:\/\/www.projetconduite.fr\/index.php\/mes-formations\/#breadcrumb\"},\"inLanguage\":\"fr-FR\",\"potentialAction\":[{\"@type\":\"ReadAction\",\"target\":[\"http:\/\/www.projetconduite.fr\/index.php\/mes-formations\/\"]}]},{\"@type\":\"BreadcrumbList\",\"@id\":\"http:\/\/www.projetconduite.fr\/index.php\/mes-formations\/#breadcrumb\",\"itemListElement\":[{\"@type\":\"ListItem\",\"position\":1,\"name\":\"Accueil\",\"item\":\"https:\/\/www.projetconduite.fr\/\"},{\"@type\":\"ListItem\",\"position\":2,\"name\":\"Mes formations\"}]},{\"@type\":\"WebSite\",\"@id\":\"https:\/\/www.projetconduite.fr\/#website\",\"url\":\"https:\/\/www.projetconduite.fr\/\",\"name\":\"Projet Conduite\",\"description\":\"Nous concr\u00e9tisons votre projet de permis voiture\",\"publisher\":{\"@id\":\"https:\/\/www.projetconduite.fr\/#organization\"},\"potentialAction\":[{\"@type\":\"SearchAction\",\"target\":{\"@type\":\"EntryPoint\",\"urlTemplate\":\"https:\/\/www.projetconduite.fr\/?s={search_term_string}\"},\"query-input\":\"required name=search_term_string\"}],\"inLanguage\":\"fr-FR\"},{\"@type\":\"Organization\",\"@id\":\"https:\/\/www.projetconduite.fr\/#organization\",\"name\":\"Projet Conduite\",\"url\":\"https:\/\/www.projetconduite.fr\/\",\"logo\":{\"@type\":\"ImageObject\",\"inLanguage\":\"fr-FR\",\"@id\":\"https:\/\/www.projetconduite.fr\/#\/schema\/logo\/image\/\",\"url\":\"http:\/\/www.projetconduite.fr\/wp-content\/uploads\/2018\/07\/Logo-long-gros.png\",\"contentUrl\":\"http:\/\/www.projetconduite.fr\/wp-content\/uploads\/2018\/07\/Logo-long-gros.png\",\"width\":528,\"height\":126,\"caption\":\"Projet Conduite\"},\"image\":{\"@id\":\"https:\/\/www.projetconduite.fr\/#\/schema\/logo\/image\/\"},\"sameAs\":[\"https:\/\/fr-fr.facebook.com\/prjetconduite\/\"]}]}<\/script>\n<!-- \/ Yoast SEO plugin. -->","yoast_head_json":{"title":"Mes formations - Projet Conduite","description":"Bienvenue sur notre site Un rythme de formation personnalis\u00e9 Votre auto-\u00e9cole \u00e0 Dreux Votre auto-\u00e9cole Projet-Conduite","robots":{"index":"index","follow":"follow","max-snippet":"max-snippet:-1","max-image-preview":"max-image-preview:large","max-video-preview":"max-video-preview:-1"},"canonical":"http:\/\/www.projetconduite.fr\/index.php\/mes-formations\/","og_locale":"fr_FR","og_type":"article","og_title":"Mes formations - Projet Conduite","og_description":"Bienvenue sur notre site Un rythme de formation personnalis\u00e9 Votre auto-\u00e9cole \u00e0 Dreux Votre auto-\u00e9cole Projet-Conduite","og_url":"http:\/\/www.projetconduite.fr\/index.php\/mes-formations\/","og_site_name":"Projet Conduite","article_publisher":"https:\/\/fr-fr.facebook.com\/prjetconduite\/","article_modified_time":"2023-11-01T17:00:36+00:00","twitter_card":"summary_large_image","twitter_misc":{"Dur\u00e9e de lecture estim\u00e9e":"1 minute"},"schema":{"@context":"https:\/\/schema.org","@graph":[{"@type":"WebPage","@id":"http:\/\/www.projetconduite.fr\/index.php\/mes-formations\/","url":"http:\/\/www.projetconduite.fr\/index.php\/mes-formations\/","name":"Mes formations - Projet Conduite","isPartOf":{"@id":"https:\/\/www.projetconduite.fr\/#website"},"datePublished":"2018-11-27T18:56:32+00:00","dateModified":"2023-11-01T17:00:36+00:00","description":"Bienvenue sur notre site Un rythme de formation personnalis\u00e9 Votre auto-\u00e9cole \u00e0 Dreux Votre auto-\u00e9cole Projet-Conduite","breadcrumb":{"@id":"http:\/\/www.projetconduite.fr\/index.php\/mes-formations\/#breadcrumb"},"inLanguage":"fr-FR","potentialAction":[{"@type":"ReadAction","target":["http:\/\/www.projetconduite.fr\/index.php\/mes-formations\/"]}]},{"@type":"BreadcrumbList","@id":"http:\/\/www.projetconduite.fr\/index.php\/mes-formations\/#breadcrumb","itemListElement":[{"@type":"ListItem","position":1,"name":"Accueil","item":"https:\/\/www.projetconduite.fr\/"},{"@type":"ListItem","position":2,"name":"Mes formations"}]},{"@type":"WebSite","@id":"https:\/\/www.projetconduite.fr\/#website","url":"https:\/\/www.projetconduite.fr\/","name":"Projet Conduite","description":"Nous concr\u00e9tisons votre projet de permis voiture","publisher":{"@id":"https:\/\/www.projetconduite.fr\/#organization"},"potentialAction":[{"@type":"SearchAction","target":{"@type":"EntryPoint","urlTemplate":"https:\/\/www.projetconduite.fr\/?s={search_term_string}"},"query-input":"required name=search_term_string"}],"inLanguage":"fr-FR"},{"@type":"Organization","@id":"https:\/\/www.projetconduite.fr\/#organization","name":"Projet Conduite","url":"https:\/\/www.projetconduite.fr\/","logo":{"@type":"ImageObject","inLanguage":"fr-FR","@id":"https:\/\/www.projetconduite.fr\/#\/schema\/logo\/image\/","url":"http:\/\/www.projetconduite.fr\/wp-content\/uploads\/2018\/07\/Logo-long-gros.png","contentUrl":"http:\/\/www.projetconduite.fr\/wp-content\/uploads\/2018\/07\/Logo-long-gros.png","width":528,"height":126,"caption":"Projet Conduite"},"image":{"@id":"https:\/\/www.projetconduite.fr\/#\/schema\/logo\/image\/"},"sameAs":["https:\/\/fr-fr.facebook.com\/prjetconduite\/"]}]}},"_links":{"self":[{"href":"http:\/\/www.projetconduite.fr\/index.php\/wp-json\/wp\/v2\/pages\/257"}],"collection":[{"href":"http:\/\/www.projetconduite.fr\/index.php\/wp-json\/wp\/v2\/pages"}],"about":[{"href":"http:\/\/www.projetconduite.fr\/index.php\/wp-json\/wp\/v2\/types\/page"}],"author":[{"embeddable":true,"href":"http:\/\/www.projetconduite.fr\/index.php\/wp-json\/wp\/v2\/users\/1"}],"replies":[{"embeddable":true,"href":"http:\/\/www.projetconduite.fr\/index.php\/wp-json\/wp\/v2\/comments?post=257"}],"version-history":[{"count":7,"href":"http:\/\/www.projetconduite.fr\/index.php\/wp-json\/wp\/v2\/pages\/257\/revisions"}],"predecessor-version":[{"id":488,"href":"http:\/\/www.projetconduite.fr\/index.php\/wp-json\/wp\/v2\/pages\/257\/revisions\/488"}],"wp:attachment":[{"href":"http:\/\/www.projetconduite.fr\/index.php\/wp-json\/wp\/v2\/media?parent=257"}],"curies":[{"name":"wp","href":"https:\/\/api.w.org\/{rel}","templated":true}]}}

<p>Votre auto-école vous propose:</p>
<ul>
<li>La formation du permis B et BEA (manuelle et automatique)</li>
<li>La formation de la conduite accompagnée</li>
<li>La formation de la conduite supervisée</li>
<li>La formation à l&rsquo;écoconduite</li>
<li>Le post permis</li>
<li>Passerelle permis B boite auto vers boite manuelle (BEA vers B)</li>
</ul>

<!-- This site is optimized with the Yoast SEO plugin v22.6 - https://yoast.com/wordpress/plugins/seo/ -->
<title>Mes formations - Projet Conduite</title>
<meta name="description" content="Bienvenue sur notre site Un rythme de formation personnalisé Votre auto-école à Dreux Votre auto-école Projet-Conduite" />
<meta name="robots" content="index, follow, max-snippet:-1, max-image-preview:large, max-video-preview:-1" />
<link rel="canonical" href="http://www.projetconduite.fr/index.php/mes-formations/" />
<meta property="og:locale" content="fr_FR" />
<meta property="og:type" content="article" />
<meta property="og:title" content="Mes formations - Projet Conduite" />
<meta property="og:description" content="Bienvenue sur notre site Un rythme de formation personnalisé Votre auto-école à Dreux Votre auto-école Projet-Conduite" />
<meta property="og:url" content="http://www.projetconduite.fr/index.php/mes-formations/" />
<meta property="og:site_name" content="Projet Conduite" />
<meta property="article:publisher" content="https://fr-fr.facebook.com/prjetconduite/" />
<meta property="article:modified_time" content="2023-11-01T17:00:36+00:00" />
<meta name="twitter:card" content="summary_large_image" />
<meta name="twitter:label1" content="Durée de lecture estimée" />
	<meta name="twitter:data1" content="1 minute" />
<script type="application/ld+json" class="yoast-schema-graph">{"@context":"https://schema.org","@graph":[{"@type":"WebPage","@id":"http://www.projetconduite.fr/index.php/mes-formations/","url":"http://www.projetconduite.fr/index.php/mes-formations/","name":"Mes formations - Projet Conduite","isPartOf":{"@id":"https://www.projetconduite.fr/#website"},"datePublished":"2018-11-27T18:56:32+00:00","dateModified":"2023-11-01T17:00:36+00:00","description":"Bienvenue sur notre site Un rythme de formation personnalisé Votre auto-école à Dreux Votre auto-école Projet-Conduite","breadcrumb":{"@id":"http://www.projetconduite.fr/index.php/mes-formations/#breadcrumb"},"inLanguage":"fr-FR","potentialAction":[{"@type":"ReadAction","target":["http://www.projetconduite.fr/index.php/mes-formations/"]}]},{"@type":"BreadcrumbList","@id":"http://www.projetconduite.fr/index.php/mes-formations/#breadcrumb","itemListElement":[{"@type":"ListItem","position":1,"name":"Accueil","item":"https://www.projetconduite.fr/"},{"@type":"ListItem","position":2,"name":"Mes formations"}]},{"@type":"WebSite","@id":"https://www.projetconduite.fr/#website","url":"https://www.projetconduite.fr/","name":"Projet Conduite","description":"Nous concrétisons votre projet de permis voiture","publisher":{"@id":"https://www.projetconduite.fr/#organization"},"potentialAction":[{"@type":"SearchAction","target":{"@type":"EntryPoint","urlTemplate":"https://www.projetconduite.fr/?s={search_term_string}"},"query-input":"required name=search_term_string"}],"inLanguage":"fr-FR"},{"@type":"Organization","@id":"https://www.projetconduite.fr/#organization","name":"Projet Conduite","url":"https://www.projetconduite.fr/","logo":{"@type":"ImageObject","inLanguage":"fr-FR","@id":"https://www.projetconduite.fr/#/schema/logo/image/","url":"http://www.projetconduite.fr/wp-content/uploads/2018/07/Logo-long-gros.png","contentUrl":"http://www.projetconduite.fr/wp-content/uploads/2018/07/Logo-long-gros.png","width":528,"height":126,"caption":"Projet Conduite"},"image":{"@id":"https://www.projetconduite.fr/#/schema/logo/image/"},"sameAs":["https://fr-fr.facebook.com/prjetconduite/"]}]}</script>
<!-- / Yoast SEO plugin. -->

Bienvenue sur notre site Un rythme de formation personnalisé Votre auto-école à Dreux Votre auto-école Projet-Conduite

Nous concrétisons votre projet de permis voiture
