{"id":82,"date":"2018-07-22T18:01:02","date_gmt":"2018-07-22T16:01:02","guid":{"rendered":"http:\/\/www.projetconduite.fr\/?page_id=82"},"modified":"2018-07-22T18:02:51","modified_gmt":"2018-07-22T16:02:51","slug":"les-enjeux-de-la-formation","status":"publish","type":"page","link":"http:\/\/www.projetconduite.fr\/index.php\/les-enjeux-de-la-formation\/","title":{"rendered":"Les enjeux de la formation"},"content":{"rendered":"<p>Au-del\u00e0 du plaisir de conduire, l\u2019utilisation d\u2019une voiture est souvent indispensable pour les \u00e9tudes, le travail ou les loisirs. Rouler en s\u00e9curit\u00e9 est donc une n\u00e9cessit\u00e9 pour tous.<\/p>\n<p>*en terme s\u00e9curit\u00e9 routi\u00e8re :<\/p>\n<p>Les conducteurs d\u00e9butants repr\u00e9sentent une part importante des tu\u00e9s et des bless\u00e9s sur la route.<\/p>\n<p>Les accidents de la route ne sont pas li\u00e9s \u00e0 la fatalit\u00e9, et pour aider les nouveaux conducteurs \u00e0 se d\u00e9placer avec un risque faible de perdre la vie ou de la d\u00e9grader,<\/p>\n<p>*en terme de connaissance et partage de la route :<\/p>\n<p>un nouveau programme de formation est mis en place.<\/p>\n<p>L\u2019objectif g\u00e9n\u00e9ral est d\u2019amener tout automobiliste d\u00e9butant \u00e0 la maitrise de comp\u00e9tences en termes de savoir-\u00eatre, savoirs, savoir-faire et savoir-devenir.<\/p>\n<p>Apprendre \u00e0 conduire est une d\u00e9marche \u00e9ducative exigeante pour lequel votre formateur, enseignant dipl\u00f4m\u00e9 de la s\u00e9curit\u00e9 routi\u00e8re, saura vous guider.<\/p>\n<p>Cette formation est organis\u00e9e en deux parties :<\/p>\n<ul>\n<li><strong>La formation th\u00e9orique<\/strong> :<\/li>\n<\/ul>\n<p>ax\u00e9e sur l\u2019apprentissage des 11 th\u00e8mes :<\/p>\n<ul>\n<li>La signalisation<\/li>\n<li>Les priorit\u00e9s<\/li>\n<li>Les r\u00e8gles de circulation<\/li>\n<li>Croisements et d\u00e9passements<\/li>\n<li>Arr\u00eat et stationnement<\/li>\n<li>Visibilit\u00e9 \u00e9clairage<\/li>\n<li>Eco conduite \u00e9co mobilit\u00e9<\/li>\n<li>Tunnels et passages \u00e0 niveau<\/li>\n<li>Partage de la route<\/li>\n<li>Prise de conscience des risques notions diverses<\/li>\n<li>Ecomobilit\u00e9<\/li>\n<\/ul>\n<p>Les th\u00e8mes seront trait\u00e9s au cours des le\u00e7ons th\u00e9oriques collectives\u00a0\u00a0 encadr\u00e9es par un enseignant. Des tests visant \u00e0 v\u00e9rifier, compl\u00e9ter et \u00e9valuer les connaissances sont r\u00e9guli\u00e8rement dispens\u00e9s.<\/p>\n<p>&nbsp;<\/p>\n<ul>\n<li><strong>La formation pratique<\/strong> :<\/li>\n<\/ul>\n<p>Elle est ax\u00e9e sur les bons comportements du conducteur afin de ne mettre en danger ni sa propre s\u00e9curit\u00e9 ni celle des autres.<\/p>\n<p>Les formateurs s\u2019appuient sur un r\u00e9v\u00e9renciel commun le REMC et dispensent leur cours de mani\u00e8re \u00e0 valider les 4 comp\u00e9tences globales :<\/p>\n<ul>\n<li>Assumer personnellement ses responsabilit\u00e9s citoyennes, juridiques et sociales<\/li>\n<li>Utiliser un v\u00e9hicule \u00e0 moteur de fa\u00e7on autonome, rationnellement et en s\u00e9curit\u00e9<\/li>\n<li>Pr\u00e9parer ses trajets et conduire le v\u00e9hicule dans les situations de circulation simples ou complexes<\/li>\n<\/ul>\n<p>Prendre en compte les facteurs entra\u00eenant une d\u00e9gradation du syst\u00e8me homme v\u00e9hicule-<\/p>\n<p>environnement, prendre les d\u00e9cisions qui permettent d&rsquo;y faire face, mettre en \u0153uvre les mesures pr\u00e9ventives.<\/p>\n","protected":false},"excerpt":{"rendered":"<p>Au-del&agrave; du plaisir de conduire, l&rsquo;utilisation d&rsquo;une voiture est souvent indispensable pour les &eacute;tudes, le travail ou les loisirs. Rouler en s&eacute;curit&eacute; est donc une n&eacute;cessit&eacute; pour tous. *en terme s&eacute;curit&eacute; routi&egrave;re : Les conducteurs d&eacute;butants repr&eacute;sentent une part importante des tu&eacute;s et des bless&eacute;s sur la route. Les accidents de la route ne sont &hellip; <\/p>\n<p class=\"link-more\"><a href=\"http:\/\/www.projetconduite.fr\/index.php\/les-enjeux-de-la-formation\/\" class=\"more-link\">Continuer la lecture<span class=\"screen-reader-text\"> de &laquo;&nbsp;Les enjeux de la formation&nbsp;&raquo;<\/span><\/a><\/p>\n","protected":false},"author":1,"featured_media":0,"parent":0,"menu_order":0,"comment_status":"closed","ping_status":"closed","template":"","meta":{"footnotes":""},"yoast_head":"<!-- This site is optimized with the Yoast SEO plugin v22.6 - https:\/\/yoast.com\/wordpress\/plugins\/seo\/ -->\n<title>Les enjeux de la formation - Projet Conduite<\/title>\n<meta name=\"description\" content=\"Bienvenue sur notre site Un rythme de formation personnalis\u00e9 Votre auto-\u00e9cole \u00e0 Dreux Votre auto-\u00e9cole Projet-Conduite\" \/>\n<meta name=\"robots\" content=\"index, follow, max-snippet:-1, max-image-preview:large, max-video-preview:-1\" \/>\n<link rel=\"canonical\" href=\"http:\/\/www.projetconduite.fr\/index.php\/les-enjeux-de-la-formation\/\" \/>\n<meta property=\"og:locale\" content=\"fr_FR\" \/>\n<meta property=\"og:type\" content=\"article\" \/>\n<meta property=\"og:title\" content=\"Les enjeux de la formation - Projet Conduite\" \/>\n<meta property=\"og:description\" content=\"Bienvenue sur notre site Un rythme de formation personnalis\u00e9 Votre auto-\u00e9cole \u00e0 Dreux Votre auto-\u00e9cole Projet-Conduite\" \/>\n<meta property=\"og:url\" content=\"http:\/\/www.projetconduite.fr\/index.php\/les-enjeux-de-la-formation\/\" \/>\n<meta property=\"og:site_name\" content=\"Projet Conduite\" \/>\n<meta property=\"article:publisher\" content=\"https:\/\/fr-fr.facebook.com\/prjetconduite\/\" \/>\n<meta property=\"article:modified_time\" content=\"2018-07-22T16:02:51+00:00\" \/>\n<meta name=\"twitter:card\" content=\"summary_large_image\" \/>\n<meta name=\"twitter:label1\" content=\"Dur\u00e9e de lecture estim\u00e9e\" \/>\n\t<meta name=\"twitter:data1\" content=\"2 minutes\" \/>\n<script type=\"application\/ld+json\" class=\"yoast-schema-graph\">{\"@context\":\"https:\/\/schema.org\",\"@graph\":[{\"@type\":\"WebPage\",\"@id\":\"http:\/\/www.projetconduite.fr\/index.php\/les-enjeux-de-la-formation\/\",\"url\":\"http:\/\/www.projetconduite.fr\/index.php\/les-enjeux-de-la-formation\/\",\"name\":\"Les enjeux de la formation - Projet Conduite\",\"isPartOf\":{\"@id\":\"https:\/\/www.projetconduite.fr\/#website\"},\"datePublished\":\"2018-07-22T16:01:02+00:00\",\"dateModified\":\"2018-07-22T16:02:51+00:00\",\"description\":\"Bienvenue sur notre site Un rythme de formation personnalis\u00e9 Votre auto-\u00e9cole \u00e0 Dreux Votre auto-\u00e9cole Projet-Conduite\",\"breadcrumb\":{\"@id\":\"http:\/\/www.projetconduite.fr\/index.php\/les-enjeux-de-la-formation\/#breadcrumb\"},\"inLanguage\":\"fr-FR\",\"potentialAction\":[{\"@type\":\"ReadAction\",\"target\":[\"http:\/\/www.projetconduite.fr\/index.php\/les-enjeux-de-la-formation\/\"]}]},{\"@type\":\"BreadcrumbList\",\"@id\":\"http:\/\/www.projetconduite.fr\/index.php\/les-enjeux-de-la-formation\/#breadcrumb\",\"itemListElement\":[{\"@type\":\"ListItem\",\"position\":1,\"name\":\"Accueil\",\"item\":\"https:\/\/www.projetconduite.fr\/\"},{\"@type\":\"ListItem\",\"position\":2,\"name\":\"Les enjeux de la formation\"}]},{\"@type\":\"WebSite\",\"@id\":\"https:\/\/www.projetconduite.fr\/#website\",\"url\":\"https:\/\/www.projetconduite.fr\/\",\"name\":\"Projet Conduite\",\"description\":\"Nous concr\u00e9tisons votre projet de permis voiture\",\"publisher\":{\"@id\":\"https:\/\/www.projetconduite.fr\/#organization\"},\"potentialAction\":[{\"@type\":\"SearchAction\",\"target\":{\"@type\":\"EntryPoint\",\"urlTemplate\":\"https:\/\/www.projetconduite.fr\/?s={search_term_string}\"},\"query-input\":\"required name=search_term_string\"}],\"inLanguage\":\"fr-FR\"},{\"@type\":\"Organization\",\"@id\":\"https:\/\/www.projetconduite.fr\/#organization\",\"name\":\"Projet Conduite\",\"url\":\"https:\/\/www.projetconduite.fr\/\",\"logo\":{\"@type\":\"ImageObject\",\"inLanguage\":\"fr-FR\",\"@id\":\"https:\/\/www.projetconduite.fr\/#\/schema\/logo\/image\/\",\"url\":\"http:\/\/www.projetconduite.fr\/wp-content\/uploads\/2018\/07\/Logo-long-gros.png\",\"contentUrl\":\"http:\/\/www.projetconduite.fr\/wp-content\/uploads\/2018\/07\/Logo-long-gros.png\",\"width\":528,\"height\":126,\"caption\":\"Projet Conduite\"},\"image\":{\"@id\":\"https:\/\/www.projetconduite.fr\/#\/schema\/logo\/image\/\"},\"sameAs\":[\"https:\/\/fr-fr.facebook.com\/prjetconduite\/\"]}]}<\/script>\n<!-- \/ Yoast SEO plugin. -->","yoast_head_json":{"title":"Les enjeux de la formation - Projet Conduite","description":"Bienvenue sur notre site Un rythme de formation personnalis\u00e9 Votre auto-\u00e9cole \u00e0 Dreux Votre auto-\u00e9cole Projet-Conduite","robots":{"index":"index","follow":"follow","max-snippet":"max-snippet:-1","max-image-preview":"max-image-preview:large","max-video-preview":"max-video-preview:-1"},"canonical":"http:\/\/www.projetconduite.fr\/index.php\/les-enjeux-de-la-formation\/","og_locale":"fr_FR","og_type":"article","og_title":"Les enjeux de la formation - Projet Conduite","og_description":"Bienvenue sur notre site Un rythme de formation personnalis\u00e9 Votre auto-\u00e9cole \u00e0 Dreux Votre auto-\u00e9cole Projet-Conduite","og_url":"http:\/\/www.projetconduite.fr\/index.php\/les-enjeux-de-la-formation\/","og_site_name":"Projet Conduite","article_publisher":"https:\/\/fr-fr.facebook.com\/prjetconduite\/","article_modified_time":"2018-07-22T16:02:51+00:00","twitter_card":"summary_large_image","twitter_misc":{"Dur\u00e9e de lecture estim\u00e9e":"2 minutes"},"schema":{"@context":"https:\/\/schema.org","@graph":[{"@type":"WebPage","@id":"http:\/\/www.projetconduite.fr\/index.php\/les-enjeux-de-la-formation\/","url":"http:\/\/www.projetconduite.fr\/index.php\/les-enjeux-de-la-formation\/","name":"Les enjeux de la formation - Projet Conduite","isPartOf":{"@id":"https:\/\/www.projetconduite.fr\/#website"},"datePublished":"2018-07-22T16:01:02+00:00","dateModified":"2018-07-22T16:02:51+00:00","description":"Bienvenue sur notre site Un rythme de formation personnalis\u00e9 Votre auto-\u00e9cole \u00e0 Dreux Votre auto-\u00e9cole Projet-Conduite","breadcrumb":{"@id":"http:\/\/www.projetconduite.fr\/index.php\/les-enjeux-de-la-formation\/#breadcrumb"},"inLanguage":"fr-FR","potentialAction":[{"@type":"ReadAction","target":["http:\/\/www.projetconduite.fr\/index.php\/les-enjeux-de-la-formation\/"]}]},{"@type":"BreadcrumbList","@id":"http:\/\/www.projetconduite.fr\/index.php\/les-enjeux-de-la-formation\/#breadcrumb","itemListElement":[{"@type":"ListItem","position":1,"name":"Accueil","item":"https:\/\/www.projetconduite.fr\/"},{"@type":"ListItem","position":2,"name":"Les enjeux de la formation"}]},{"@type":"WebSite","@id":"https:\/\/www.projetconduite.fr\/#website","url":"https:\/\/www.projetconduite.fr\/","name":"Projet Conduite","description":"Nous concr\u00e9tisons votre projet de permis voiture","publisher":{"@id":"https:\/\/www.projetconduite.fr\/#organization"},"potentialAction":[{"@type":"SearchAction","target":{"@type":"EntryPoint","urlTemplate":"https:\/\/www.projetconduite.fr\/?s={search_term_string}"},"query-input":"required name=search_term_string"}],"inLanguage":"fr-FR"},{"@type":"Organization","@id":"https:\/\/www.projetconduite.fr\/#organization","name":"Projet Conduite","url":"https:\/\/www.projetconduite.fr\/","logo":{"@type":"ImageObject","inLanguage":"fr-FR","@id":"https:\/\/www.projetconduite.fr\/#\/schema\/logo\/image\/","url":"http:\/\/www.projetconduite.fr\/wp-content\/uploads\/2018\/07\/Logo-long-gros.png","contentUrl":"http:\/\/www.projetconduite.fr\/wp-content\/uploads\/2018\/07\/Logo-long-gros.png","width":528,"height":126,"caption":"Projet Conduite"},"image":{"@id":"https:\/\/www.projetconduite.fr\/#\/schema\/logo\/image\/"},"sameAs":["https:\/\/fr-fr.facebook.com\/prjetconduite\/"]}]}},"_links":{"self":[{"href":"http:\/\/www.projetconduite.fr\/index.php\/wp-json\/wp\/v2\/pages\/82"}],"collection":[{"href":"http:\/\/www.projetconduite.fr\/index.php\/wp-json\/wp\/v2\/pages"}],"about":[{"href":"http:\/\/www.projetconduite.fr\/index.php\/wp-json\/wp\/v2\/types\/page"}],"author":[{"embeddable":true,"href":"http:\/\/www.projetconduite.fr\/index.php\/wp-json\/wp\/v2\/users\/1"}],"replies":[{"embeddable":true,"href":"http:\/\/www.projetconduite.fr\/index.php\/wp-json\/wp\/v2\/comments?post=82"}],"version-history":[{"count":2,"href":"http:\/\/www.projetconduite.fr\/index.php\/wp-json\/wp\/v2\/pages\/82\/revisions"}],"predecessor-version":[{"id":85,"href":"http:\/\/www.projetconduite.fr\/index.php\/wp-json\/wp\/v2\/pages\/82\/revisions\/85"}],"wp:attachment":[{"href":"http:\/\/www.projetconduite.fr\/index.php\/wp-json\/wp\/v2\/media?parent=82"}],"curies":[{"name":"wp","href":"https:\/\/api.w.org\/{rel}","templated":true}]}}